{"id":160,"date":"2014-05-20T20:42:54","date_gmt":"2014-05-20T19:42:54","guid":{"rendered":"http:\/\/www.tv-trais-horloff.de\/?page_id=160"},"modified":"2014-05-21T12:47:16","modified_gmt":"2014-05-21T11:47:16","slug":"beach-soccer-spielregeln","status":"publish","type":"page","link":"https:\/\/www.tv-trais-horloff.de\/?page_id=160","title":{"rendered":"Beach-Soccer Spielregeln"},"content":{"rendered":"<p><b>Das Spiel wird gespielt um Aspekte wie Freizeit, Teamgeist, Freundschaft und Gesundheit zu verbinden. Fair Play steht an oberster Stelle. Grunds\u00e4tzlich ist das Spiel bei Spielunterbrechungen innerhalb von 5 Sekunden fortzusetzen.<\/b><\/p>\n<ol>\n<li><strong>Grunds\u00e4tzliches: <\/strong>Die Spielfeldgr\u00f6\u00dfe betr\u00e4gt ca. 30 x 20 m, die Gr\u00f6\u00dfe der Tore betr\u00e4gt 5 x 2 m. Der Torraum wird durch eine senkrechte Linie in 9 m Entfernung zur Torauslinie begrenzt. Das Tragen von Schuhen ist untersagt. Die Abseitsregel ist aufgehoben. Gr\u00e4tschen ist verboten!!!<\/li>\n<li><b>Mannschaft<br \/>\n<\/b>Eine Mannschaft besteht aus 4 Feldspielern und 1 Torwart,<br \/>\nes kann fliegend und beliebig oft gewechselt werden. Ein- und Auswechseln erfolgt immer auf H\u00f6he der Mittellinie.<\/li>\n<li><b>Spielzeit<br \/>\n<\/b>Die Spieldauer betr\u00e4gt 9 min.,<\/li>\n<li><b>Freist\u00f6\u00dfe<br \/>\n<\/b>Alle <b>Freist\u00f6\u00dfe sind direkt<\/b> auszuf\u00fchren. Die Spieler der gegnerischen Mannschaft m\u00fcssen einen Abstand von 5m zum Ball halten, wobei <b>die direkte Torrichtung frei bleiben<\/b> muss, es darf <b>keine Mauer<\/b> gebildet werden, d.h. der Weg zum Tor muss frei bleiben. Beim Zurechtlegen des Balles darf ein Sandh\u00fcgel gebaut werden.<\/li>\n<li><b>Strafsto\u00df<br \/>\n<\/b>Die zwei imagin\u00e4ren Linien die zwischen den gelben Fahnen und parallel zu den Grundlinien verlaufen, bilden mit den jeweiligen Grundlinien der Spielh\u00e4lfte den Strafraum. Bei Foulspiel innerhalb des Strafraums erfolgt ein 9 Meter. Die exakte Position f\u00fcr den Strafsto\u00df befindet sich in der Mitte dieser imagin\u00e4ren Linien. Beim Zurechtlegen des Balles darf ein Sandh\u00fcgel gebaut werden.<\/li>\n<li><b>Grobes Foul<br \/>\n<\/b>Grobes Foul wird mit einer <b>2 min. Zeitstrafe<\/b> geahndet, sollte die gegnerische Mannschaft dabei zu einem Torerfolg kommen ist die Zeitstrafe sofort beendet. Nochmaliges grobes Foulspiel oder T\u00e4tlichkeiten werden mit <b>Matchstrafe<\/b> geahndet. Die Mannschaft des Foulspielers spielt in diesem Spiel in Unterzahl weiter. Bei T\u00e4tlichkeiten und massive Unsportlichem Verhalten eines Spielers, kann die Turnierleitung diesen Spieler vom Turnier ausschlie\u00dfen. Dieser Spieler kann in den weiteren Spielern ersetzt werden.<\/li>\n<li><b>Tor-Aus<br \/>\n<\/b>Hat der Ball die Torauslinie \u00fcberschritten, nachdem er zuletzt von einem Angreifer ber\u00fchrt worden war, darf ihn <b>nur<\/b> der Torwart durch <b>Werfen, Rollen oder durch Absto\u00df<\/b> wieder ins Spiel bringen.<br \/>\nEr ist erst wieder im Spiel, wenn er den Straf- bzw. Torraum verlassen hat.<br \/>\nKein gegnerischer Spieler darf sich im Straf- bzw. Torraum aufhalten, bevor der Ball im Spiel ist. <b>Es kann kein direktes Tor erzielt werden.<\/b><\/li>\n<li><b>Ecksto\u00df<br \/>\n<\/b>Um einen Eckball regelkonform auszuf\u00fchren, muss der Ball innerhalb eines <b>Radius von einem (1) Meter <\/b>von der Ecke platziert werden. Ein Tor kann aus einem Ecksto\u00df direkt erzielt werden. Beim Zurechtlegen des Balles darf ein Sandh\u00fcgel gebaut werden.<\/li>\n<li><b>R\u00fcckpassregel<br \/>\n<\/b>Wenn ein Feldspieler den Ball seinem Torwart mit dem Fu\u00df zuspielt, ist es diesem untersagt, den Ball mit den H\u00e4nden zu ber\u00fchren. Tut er dies dennoch, <b>ist ein Strafsto\u00df zu verh\u00e4ngen<\/b>. Ber\u00fchrt der Torh\u00fcter den Ball mit der Hand, nachdem er ihn direkt durch Einwerfen eines Mitspielers erhalten hat, ist <b>ein Strafsto\u00df<\/b> zu verh\u00e4ngen. Wenn der Torwart den <b>Ball l\u00e4nger als f\u00fcnf Sekunden<\/b> in den H\u00e4nden h\u00e4lt, hat der Schiedsrichter dies als unerlaubte Verz\u00f6gerung zu betrachten und durch einen <b>Freisto\u00df von der Mittellinie<\/b> zu ahnden.<\/li>\n<li><b>Einwurf<br \/>\n<\/b>Erfolgt, wenn der Ball au\u00dferhalb einer der Seitenlinien landet, oder von einem Spieler, <b>der au\u00dferhalb der Seitenlinien steht, ber\u00fchrt wird. <\/b>Der Einwurf muss hinter der Seitenlinie, au\u00dferhalb des Spielfeldes, erfolgen.<br \/>\nEinschiessen ist erlaubt, er kann jedoch direkt kein Tor erzielt werden.<\/li>\n<\/ol>\n","protected":false},"excerpt":{"rendered":"<p>Das Spiel wird gespielt um Aspekte wie Freizeit, Teamgeist, Freundschaft und Gesundheit zu verbinden. Fair Play steht an oberster Stelle. Grunds\u00e4tzlich ist das Spiel bei Spielunterbrechungen innerhalb von 5 Sekunden fortzusetzen. Grunds\u00e4tzliches: Die Spielfeldgr\u00f6\u00dfe betr\u00e4gt ca. 30 x 20 m, die Gr\u00f6\u00dfe der Tore betr\u00e4gt 5 x 2 m. Der Torraum wird durch eine senkrechte [&hellip;]<\/p>\n","protected":false},"author":1,"featured_media":0,"parent":48,"menu_order":1,"comment_status":"closed","ping_status":"closed","template":"","meta":{"ngg_post_thumbnail":0,"footnotes":""},"class_list":["post-160","page","type-page","status-publish","hentry"],"_links":{"self":[{"href":"https:\/\/www.tv-trais-horloff.de\/index.php?rest_route=\/wp\/v2\/pages\/160","targetHints":{"allow":["GET"]}}],"collection":[{"href":"https:\/\/www.tv-trais-horloff.de\/index.php?rest_route=\/wp\/v2\/pages"}],"about":[{"href":"https:\/\/www.tv-trais-horloff.de\/index.php?rest_route=\/wp\/v2\/types\/page"}],"author":[{"embeddable":true,"href":"https:\/\/www.tv-trais-horloff.de\/index.php?rest_route=\/wp\/v2\/users\/1"}],"replies":[{"embeddable":true,"href":"https:\/\/www.tv-trais-horloff.de\/index.php?rest_route=%2Fwp%2Fv2%2Fcomments&post=160"}],"version-history":[{"count":1,"href":"https:\/\/www.tv-trais-horloff.de\/index.php?rest_route=\/wp\/v2\/pages\/160\/revisions"}],"predecessor-version":[{"id":161,"href":"https:\/\/www.tv-trais-horloff.de\/index.php?rest_route=\/wp\/v2\/pages\/160\/revisions\/161"}],"up":[{"embeddable":true,"href":"https:\/\/www.tv-trais-horloff.de\/index.php?rest_route=\/wp\/v2\/pages\/48"}],"wp:attachment":[{"href":"https:\/\/www.tv-trais-horloff.de\/index.php?rest_route=%2Fwp%2Fv2%2Fmedia&parent=160"}],"curies":[{"name":"wp","href":"https:\/\/api.w.org\/{rel}","templated":true}]}}