{"id":162,"date":"2016-04-20T20:47:38","date_gmt":"2016-04-20T18:47:38","guid":{"rendered":"http:\/\/www.tv-trais-horloff.de\/?page_id=162"},"modified":"2016-05-20T20:49:07","modified_gmt":"2016-05-20T18:49:07","slug":"einladunganmeldung-2014","status":"publish","type":"page","link":"https:\/\/www.tv-trais-horloff.de\/?page_id=162","title":{"rendered":"Einladung\/Anmeldung 2016"},"content":{"rendered":"<h4>AN ALLE FREIZEITMANNSCHAFTEN<\/h4>\n<p>Hallo Freunde,<\/p>\n<p>hiermit laden wir euch herzlich ein zum<\/p>\n<p align=\"center\"><span style=\"color: #000080;\"><strong>13. Trais-Horloffer Beach-Soccer-Cup \u2013 Samstag 18.06.16 &#8211; 13.00 Uhr<\/strong><\/span><\/p>\n<p align=\"center\"><strong>Beachplatz hinter der Mehrzweckhalle Hungen, Trais-Horloff<\/strong><\/p>\n<p align=\"center\"><span style=\"color: #000080;\"><i>Fu\u00dfballturnier f\u00fcr Freizeitmannschaften beider Geschlechter, jeden Alters<\/i><i> \u2013 auf 250 Tonnen Sand!<\/i><\/span><\/p>\n<p align=\"center\"><i>Anschlie\u00dfend <\/i><i>\u2013 gem\u00fctliches Beisammensein\u2026<br \/>\n<\/i><\/p>\n<p>Gerne laden wir euch zu uns nach Hungen, Trais-Horloff auf den Beachplatz ein. Viele von Euch kennen das Turnier und haben in den nunmehr 14 Jahren seit unserem ersten Turnier schon mitgespielt, einige von Euch sind neu auf dem Verteiler. Wir begr\u00fc\u00dfen in jedem Jahr 12 &#8211; 16 Freizeitmannschaften, die um unseren gro\u00dfen Wanderpokal und das Preisgeld mitspielen.<\/p>\n<p>Das Startgeld betr\u00e4gt 30 Euro. Preisgeld: Turniersieger 100 Euro, Zweiter 50 Euro, der drittplazierte 30 Euro und der vierte 20 Euro + 10 Freigetr\u00e4nke je Mannschaft.<\/p>\n<p>Hier noch ein paar Infos: Spielzeit 9 Minuten, Mannschaftsst\u00e4rke 4 Feldspieler und 1Torwart, Auswechseln nach Lust u. Laune, gemischte Mannschaften (Weiblein, M\u00e4nnlein) kein Problem. Den Turnierplan erhaltet Ihr bei Eintreffen ausgeh\u00e4ndigt.<\/p>\n<p>Noch ein wichtiger Tipp: Es kommt immer wieder vor, dass Mannschaften absagen, weil der f\u00fcnfte oder sechste Spieler abgesagt hat. Kein Problem, dann kommt ihr als Einzelspieler. Wir werden dann aus dem Pool der Einzelspieler eine oder mehrere \u201eGreen-card-Mannschaften\u201c zusammenstellen. Diese werden dann nach Turnierschluss mit \u201eGetr\u00e4nkepr\u00e4mien\u201c besonders honoriert. Also auch Einzelspieler \u2013 einfach anmelden und mitmachen!<\/p>\n<p>Bitte gibt uns Bescheid (meldet Euch an) <strong><span style=\"text-decoration: underline;\">unter 06402-7999 oder Kertels@t-online.de<\/span><\/strong><br \/>\nEntscheidend f\u00fcr die Teilnahme ist die Reihenfolge des Anmeldeeingangs. Wer m\u00f6chte kann das Startgeld an diese<\/p>\n<p style=\"text-align: center;\"><strong><span style=\"color: #0000ff;\"><em>Konto-Nr. 1018258 Sparkasse Laubach &#8211; Hungen BLZ 51352227<\/em><\/span><\/strong><\/p>\n<p>Bankverbindung \u00fcberweisen oder vor Turnierbeginn bar bezahlen.<\/p>\n<p>TV 1912 Trais-Horloff<br \/>\nVorstand<\/p>\n<p>&nbsp;<\/p>\n<p style=\"text-align: center;\">Wer Lust hat noch ein Tipp:<\/p>\n<p style=\"text-align: center;\"><strong><span style=\"text-decoration: underline;\">Nach dem Turnier &#8211; zum 4. Male unsere angesagte Party:<\/span><\/strong><\/p>\n<p style=\"text-align: center;\">\u201eBeach-Bomb mit den Party-Piraten\u201c<\/p>\n<p style=\"text-align: center;\"><em>im Festzelt am Beachplatz<\/em><\/p>\n","protected":false},"excerpt":{"rendered":"<p>AN ALLE FREIZEITMANNSCHAFTEN Hallo Freunde, hiermit laden wir euch herzlich ein zum 13. Trais-Horloffer Beach-Soccer-Cup \u2013 Samstag 18.06.16 &#8211; 13.00 Uhr Beachplatz hinter der Mehrzweckhalle Hungen, Trais-Horloff Fu\u00dfballturnier f\u00fcr Freizeitmannschaften beider Geschlechter, jeden Alters \u2013 auf 250 Tonnen Sand! Anschlie\u00dfend \u2013 gem\u00fctliches Beisammensein\u2026 Gerne laden wir euch zu uns nach Hungen, Trais-Horloff auf den Beachplatz [&hellip;]<\/p>\n","protected":false},"author":1,"featured_media":0,"parent":48,"menu_order":0,"comment_status":"closed","ping_status":"closed","template":"","meta":{"ngg_post_thumbnail":0,"footnotes":""},"class_list":["post-162","page","type-page","status-publish","hentry"],"_links":{"self":[{"href":"https:\/\/www.tv-trais-horloff.de\/index.php?rest_route=\/wp\/v2\/pages\/162","targetHints":{"allow":["GET"]}}],"collection":[{"href":"https:\/\/www.tv-trais-horloff.de\/index.php?rest_route=\/wp\/v2\/pages"}],"about":[{"href":"https:\/\/www.tv-trais-horloff.de\/index.php?rest_route=\/wp\/v2\/types\/page"}],"author":[{"embeddable":true,"href":"https:\/\/www.tv-trais-horloff.de\/index.php?rest_route=\/wp\/v2\/users\/1"}],"replies":[{"embeddable":true,"href":"https:\/\/www.tv-trais-horloff.de\/index.php?rest_route=%2Fwp%2Fv2%2Fcomments&post=162"}],"version-history":[{"count":6,"href":"https:\/\/www.tv-trais-horloff.de\/index.php?rest_route=\/wp\/v2\/pages\/162\/revisions"}],"predecessor-version":[{"id":1068,"href":"https:\/\/www.tv-trais-horloff.de\/index.php?rest_route=\/wp\/v2\/pages\/162\/revisions\/1068"}],"up":[{"embeddable":true,"href":"https:\/\/www.tv-trais-horloff.de\/index.php?rest_route=\/wp\/v2\/pages\/48"}],"wp:attachment":[{"href":"https:\/\/www.tv-trais-horloff.de\/index.php?rest_route=%2Fwp%2Fv2%2Fmedia&parent=162"}],"curies":[{"name":"wp","href":"https:\/\/api.w.org\/{rel}","templated":true}]}}